
{"id":169,"date":"2025-06-02T11:38:18","date_gmt":"2025-06-02T09:38:18","guid":{"rendered":"https:\/\/pt.cloudsystems.hu\/?post_type=events&#038;p=169"},"modified":"2025-06-06T14:11:16","modified_gmt":"2025-06-06T12:11:16","slug":"sport-forum-hungary","status":"publish","type":"events","link":"https:\/\/thepathsm.com\/en\/events\/sport-forum-hungary\/","title":{"rendered":"Sport Forum Hungary"},"content":{"rendered":"<p>The region\u2019s premier sports industry conference, bringing together key figures from the global sports world and driving the development of a sustainable, innovative, and intelligent future for sport.<\/p>","protected":false},"excerpt":{"rendered":"<p>The region\u2019s premier sports industry conference, bringing together key figures from the global sports world and driving the development of a sustainable, innovative, and intelligent future for sport.<\/p>","protected":false},"featured_media":962,"template":"","class_list":["post-169","events","type-events","status-publish","has-post-thumbnail","hentry"],"acf":[],"yoast_head":"<!-- This site is optimized with the Yoast SEO plugin v25.5 - https:\/\/yoast.com\/wordpress\/plugins\/seo\/ -->\n<title>Sport Forum Hungary - the path<\/title>\n<meta name=\"robots\" content=\"index, follow, max-snippet:-1, max-image-preview:large, max-video-preview:-1\" \/>\n<link rel=\"canonical\" href=\"https:\/\/thepathsm.com\/en\/events\/sport-forum-hungary\/\" \/>\n<meta property=\"og:locale\" content=\"en_GB\" \/>\n<meta property=\"og:type\" content=\"article\" \/>\n<meta property=\"og:title\" content=\"Sport Forum Hungary - the path\" \/>\n<meta property=\"og:description\" content=\"A r\u00e9gi\u00f3 kiemelt sportszakmai konferenci\u00e1ja, amely \u00f6sszehozza a glob\u00e1lis sport\u00e9let meghat\u00e1roz\u00f3 szerepl\u0151it \u00e9s \u00e9p\u00edti a sport fenntarthat\u00f3, innovat\u00edv \u00e9s intelligens vil\u00e1g\u00e1t.\" \/>\n<meta property=\"og:url\" content=\"https:\/\/thepathsm.com\/en\/events\/sport-forum-hungary\/\" \/>\n<meta property=\"og:site_name\" content=\"the path\" \/>\n<meta property=\"article:publisher\" content=\"https:\/\/www.facebook.com\/thepathsm\" \/>\n<meta property=\"article:modified_time\" content=\"2025-06-06T12:11:16+00:00\" \/>\n<meta property=\"og:image\" content=\"https:\/\/thepathsm.com\/wp-content\/uploads\/2025\/06\/Image-placeholder-6-1.png\" \/>\n\t<meta property=\"og:image:width\" content=\"160\" \/>\n\t<meta property=\"og:image:height\" content=\"160\" \/>\n\t<meta property=\"og:image:type\" content=\"image\/png\" \/>\n<meta name=\"twitter:card\" content=\"summary_large_image\" \/>\n<script type=\"application\/ld+json\" class=\"yoast-schema-graph\">{\"@context\":\"https:\/\/schema.org\",\"@graph\":[{\"@type\":\"WebPage\",\"@id\":\"https:\/\/thepathsm.com\/events\/sport-forum-hungary\/\",\"url\":\"https:\/\/thepathsm.com\/events\/sport-forum-hungary\/\",\"name\":\"Sport Forum Hungary - the path\",\"isPartOf\":{\"@id\":\"https:\/\/thepathsm.com\/#website\"},\"primaryImageOfPage\":{\"@id\":\"https:\/\/thepathsm.com\/events\/sport-forum-hungary\/#primaryimage\"},\"image\":{\"@id\":\"https:\/\/thepathsm.com\/events\/sport-forum-hungary\/#primaryimage\"},\"thumbnailUrl\":\"https:\/\/thepathsm.com\/wp-content\/uploads\/2025\/06\/Image-placeholder-6-1.png\",\"datePublished\":\"2025-06-02T09:38:18+00:00\",\"dateModified\":\"2025-06-06T12:11:16+00:00\",\"breadcrumb\":{\"@id\":\"https:\/\/thepathsm.com\/events\/sport-forum-hungary\/#breadcrumb\"},\"inLanguage\":\"en-GB\",\"potentialAction\":[{\"@type\":\"ReadAction\",\"target\":[\"https:\/\/thepathsm.com\/events\/sport-forum-hungary\/\"]}]},{\"@type\":\"ImageObject\",\"inLanguage\":\"en-GB\",\"@id\":\"https:\/\/thepathsm.com\/events\/sport-forum-hungary\/#primaryimage\",\"url\":\"https:\/\/thepathsm.com\/wp-content\/uploads\/2025\/06\/Image-placeholder-6-1.png\",\"contentUrl\":\"https:\/\/thepathsm.com\/wp-content\/uploads\/2025\/06\/Image-placeholder-6-1.png\",\"width\":160,\"height\":160},{\"@type\":\"BreadcrumbList\",\"@id\":\"https:\/\/thepathsm.com\/events\/sport-forum-hungary\/#breadcrumb\",\"itemListElement\":[{\"@type\":\"ListItem\",\"position\":1,\"name\":\"Kezd\u0151lap\",\"item\":\"https:\/\/thepathsm.com\/\"},{\"@type\":\"ListItem\",\"position\":2,\"name\":\"Sport Forum Hungary\"}]},{\"@type\":\"WebSite\",\"@id\":\"https:\/\/thepathsm.com\/#website\",\"url\":\"https:\/\/thepathsm.com\/\",\"name\":\"the path\",\"description\":\"\",\"publisher\":{\"@id\":\"https:\/\/thepathsm.com\/#organization\"},\"potentialAction\":[{\"@type\":\"SearchAction\",\"target\":{\"@type\":\"EntryPoint\",\"urlTemplate\":\"https:\/\/thepathsm.com\/?s={search_term_string}\"},\"query-input\":{\"@type\":\"PropertyValueSpecification\",\"valueRequired\":true,\"valueName\":\"search_term_string\"}}],\"inLanguage\":\"en-GB\"},{\"@type\":\"Organization\",\"@id\":\"https:\/\/thepathsm.com\/#organization\",\"name\":\"the path\",\"url\":\"https:\/\/thepathsm.com\/\",\"logo\":{\"@type\":\"ImageObject\",\"inLanguage\":\"en-GB\",\"@id\":\"https:\/\/thepathsm.com\/#\/schema\/logo\/image\/\",\"url\":\"https:\/\/thepathsm.com\/wp-content\/uploads\/2025\/05\/thepathlogo25.svg\",\"contentUrl\":\"https:\/\/thepathsm.com\/wp-content\/uploads\/2025\/05\/thepathlogo25.svg\",\"width\":65,\"height\":60,\"caption\":\"the path\"},\"image\":{\"@id\":\"https:\/\/thepathsm.com\/#\/schema\/logo\/image\/\"},\"sameAs\":[\"https:\/\/www.facebook.com\/thepathsm\",\"https:\/\/www.instagram.com\/thepathsm\/\",\"https:\/\/www.youtube.com\/@paththe8956\",\"https:\/\/www.linkedin.com\/company\/the-path-sports-management\/\"]}]}<\/script>\n<!-- \/ Yoast SEO plugin. -->","yoast_head_json":{"title":"Sport Forum Hungary - the path","robots":{"index":"index","follow":"follow","max-snippet":"max-snippet:-1","max-image-preview":"max-image-preview:large","max-video-preview":"max-video-preview:-1"},"canonical":"https:\/\/thepathsm.com\/en\/events\/sport-forum-hungary\/","og_locale":"en_GB","og_type":"article","og_title":"Sport Forum Hungary - the path","og_description":"A r\u00e9gi\u00f3 kiemelt sportszakmai konferenci\u00e1ja, amely \u00f6sszehozza a glob\u00e1lis sport\u00e9let meghat\u00e1roz\u00f3 szerepl\u0151it \u00e9s \u00e9p\u00edti a sport fenntarthat\u00f3, innovat\u00edv \u00e9s intelligens vil\u00e1g\u00e1t.","og_url":"https:\/\/thepathsm.com\/en\/events\/sport-forum-hungary\/","og_site_name":"the path","article_publisher":"https:\/\/www.facebook.com\/thepathsm","article_modified_time":"2025-06-06T12:11:16+00:00","og_image":[{"width":160,"height":160,"url":"https:\/\/thepathsm.com\/wp-content\/uploads\/2025\/06\/Image-placeholder-6-1.png","type":"image\/png"}],"twitter_card":"summary_large_image","schema":{"@context":"https:\/\/schema.org","@graph":[{"@type":"WebPage","@id":"https:\/\/thepathsm.com\/events\/sport-forum-hungary\/","url":"https:\/\/thepathsm.com\/events\/sport-forum-hungary\/","name":"Sport Forum Hungary - the path","isPartOf":{"@id":"https:\/\/thepathsm.com\/#website"},"primaryImageOfPage":{"@id":"https:\/\/thepathsm.com\/events\/sport-forum-hungary\/#primaryimage"},"image":{"@id":"https:\/\/thepathsm.com\/events\/sport-forum-hungary\/#primaryimage"},"thumbnailUrl":"https:\/\/thepathsm.com\/wp-content\/uploads\/2025\/06\/Image-placeholder-6-1.png","datePublished":"2025-06-02T09:38:18+00:00","dateModified":"2025-06-06T12:11:16+00:00","breadcrumb":{"@id":"https:\/\/thepathsm.com\/events\/sport-forum-hungary\/#breadcrumb"},"inLanguage":"en-GB","potentialAction":[{"@type":"ReadAction","target":["https:\/\/thepathsm.com\/events\/sport-forum-hungary\/"]}]},{"@type":"ImageObject","inLanguage":"en-GB","@id":"https:\/\/thepathsm.com\/events\/sport-forum-hungary\/#primaryimage","url":"https:\/\/thepathsm.com\/wp-content\/uploads\/2025\/06\/Image-placeholder-6-1.png","contentUrl":"https:\/\/thepathsm.com\/wp-content\/uploads\/2025\/06\/Image-placeholder-6-1.png","width":160,"height":160},{"@type":"BreadcrumbList","@id":"https:\/\/thepathsm.com\/events\/sport-forum-hungary\/#breadcrumb","itemListElement":[{"@type":"ListItem","position":1,"name":"Kezd\u0151lap","item":"https:\/\/thepathsm.com\/"},{"@type":"ListItem","position":2,"name":"Sport Forum Hungary"}]},{"@type":"WebSite","@id":"https:\/\/thepathsm.com\/#website","url":"https:\/\/thepathsm.com\/","name":"the path","description":"","publisher":{"@id":"https:\/\/thepathsm.com\/#organization"},"potentialAction":[{"@type":"SearchAction","target":{"@type":"EntryPoint","urlTemplate":"https:\/\/thepathsm.com\/?s={search_term_string}"},"query-input":{"@type":"PropertyValueSpecification","valueRequired":true,"valueName":"search_term_string"}}],"inLanguage":"en-GB"},{"@type":"Organization","@id":"https:\/\/thepathsm.com\/#organization","name":"the path","url":"https:\/\/thepathsm.com\/","logo":{"@type":"ImageObject","inLanguage":"en-GB","@id":"https:\/\/thepathsm.com\/#\/schema\/logo\/image\/","url":"https:\/\/thepathsm.com\/wp-content\/uploads\/2025\/05\/thepathlogo25.svg","contentUrl":"https:\/\/thepathsm.com\/wp-content\/uploads\/2025\/05\/thepathlogo25.svg","width":65,"height":60,"caption":"the path"},"image":{"@id":"https:\/\/thepathsm.com\/#\/schema\/logo\/image\/"},"sameAs":["https:\/\/www.facebook.com\/thepathsm","https:\/\/www.instagram.com\/thepathsm\/","https:\/\/www.youtube.com\/@paththe8956","https:\/\/www.linkedin.com\/company\/the-path-sports-management\/"]}]}},"_links":{"self":[{"href":"https:\/\/thepathsm.com\/en\/wp-json\/wp\/v2\/events\/169","targetHints":{"allow":["GET"]}}],"collection":[{"href":"https:\/\/thepathsm.com\/en\/wp-json\/wp\/v2\/events"}],"about":[{"href":"https:\/\/thepathsm.com\/en\/wp-json\/wp\/v2\/types\/events"}],"wp:featuredmedia":[{"embeddable":true,"href":"https:\/\/thepathsm.com\/en\/wp-json\/wp\/v2\/media\/962"}],"wp:attachment":[{"href":"https:\/\/thepathsm.com\/en\/wp-json\/wp\/v2\/media?parent=169"}],"curies":[{"name":"wp","href":"https:\/\/api.w.org\/{rel}","templated":true}]}}

<!-- This site is optimized with the Yoast SEO plugin v25.5 - https://yoast.com/wordpress/plugins/seo/ -->
<title>Sport Forum Hungary - the path</title>
<meta name="robots" content="index, follow, max-snippet:-1, max-image-preview:large, max-video-preview:-1" />
<link rel="canonical" href="https://thepathsm.com/en/events/sport-forum-hungary/" />
<meta property="og:locale" content="en_GB" />
<meta property="og:type" content="article" />
<meta property="og:title" content="Sport Forum Hungary - the path" />
<meta property="og:description" content="A régió kiemelt sportszakmai konferenciája, amely összehozza a globális sportélet meghatározó szereplőit és építi a sport fenntartható, innovatív és intelligens világát." />
<meta property="og:url" content="https://thepathsm.com/en/events/sport-forum-hungary/" />
<meta property="og:site_name" content="the path" />
<meta property="article:publisher" content="https://www.facebook.com/thepathsm" />
<meta property="article:modified_time" content="2025-06-06T12:11:16+00:00" />
<meta property="og:image" content="https://thepathsm.com/wp-content/uploads/2025/06/Image-placeholder-6-1.png" />
	<meta property="og:image:width" content="160" />
	<meta property="og:image:height" content="160" />
	<meta property="og:image:type" content="image/png" />
<meta name="twitter:card" content="summary_large_image" />
<script type="application/ld+json" class="yoast-schema-graph">{"@context":"https://schema.org","@graph":[{"@type":"WebPage","@id":"https://thepathsm.com/events/sport-forum-hungary/","url":"https://thepathsm.com/events/sport-forum-hungary/","name":"Sport Forum Hungary - the path","isPartOf":{"@id":"https://thepathsm.com/#website"},"primaryImageOfPage":{"@id":"https://thepathsm.com/events/sport-forum-hungary/#primaryimage"},"image":{"@id":"https://thepathsm.com/events/sport-forum-hungary/#primaryimage"},"thumbnailUrl":"https://thepathsm.com/wp-content/uploads/2025/06/Image-placeholder-6-1.png","datePublished":"2025-06-02T09:38:18+00:00","dateModified":"2025-06-06T12:11:16+00:00","breadcrumb":{"@id":"https://thepathsm.com/events/sport-forum-hungary/#breadcrumb"},"inLanguage":"en-GB","potentialAction":[{"@type":"ReadAction","target":["https://thepathsm.com/events/sport-forum-hungary/"]}]},{"@type":"ImageObject","inLanguage":"en-GB","@id":"https://thepathsm.com/events/sport-forum-hungary/#primaryimage","url":"https://thepathsm.com/wp-content/uploads/2025/06/Image-placeholder-6-1.png","contentUrl":"https://thepathsm.com/wp-content/uploads/2025/06/Image-placeholder-6-1.png","width":160,"height":160},{"@type":"BreadcrumbList","@id":"https://thepathsm.com/events/sport-forum-hungary/#breadcrumb","itemListElement":[{"@type":"ListItem","position":1,"name":"Kezdőlap","item":"https://thepathsm.com/"},{"@type":"ListItem","position":2,"name":"Sport Forum Hungary"}]},{"@type":"WebSite","@id":"https://thepathsm.com/#website","url":"https://thepathsm.com/","name":"the path","description":"","publisher":{"@id":"https://thepathsm.com/#organization"},"potentialAction":[{"@type":"SearchAction","target":{"@type":"EntryPoint","urlTemplate":"https://thepathsm.com/?s={search_term_string}"},"query-input":{"@type":"PropertyValueSpecification","valueRequired":true,"valueName":"search_term_string"}}],"inLanguage":"en-GB"},{"@type":"Organization","@id":"https://thepathsm.com/#organization","name":"the path","url":"https://thepathsm.com/","logo":{"@type":"ImageObject","inLanguage":"en-GB","@id":"https://thepathsm.com/#/schema/logo/image/","url":"https://thepathsm.com/wp-content/uploads/2025/05/thepathlogo25.svg","contentUrl":"https://thepathsm.com/wp-content/uploads/2025/05/thepathlogo25.svg","width":65,"height":60,"caption":"the path"},"image":{"@id":"https://thepathsm.com/#/schema/logo/image/"},"sameAs":["https://www.facebook.com/thepathsm","https://www.instagram.com/thepathsm/","https://www.youtube.com/@paththe8956","https://www.linkedin.com/company/the-path-sports-management/"]}]}</script>
<!-- / Yoast SEO plugin. -->

A régió kiemelt sportszakmai konferenciája, amely összehozza a globális sportélet meghatározó szereplőit és építi a sport fenntartható, innovatív és intelligens világát.

Kezdőlap
